{"id":476,"date":"2025-08-03T15:23:35","date_gmt":"2025-08-03T15:23:35","guid":{"rendered":"http:\/\/claireleraistre.com\/index.php\/contact-us\/"},"modified":"2025-08-16T14:53:18","modified_gmt":"2025-08-16T14:53:18","slug":"contact-claire-leraistre","status":"publish","type":"page","link":"https:\/\/claireleraistre.com\/index.php\/contact-claire-leraistre\/","title":{"rendered":"Contact"},"content":{"rendered":"\t\t<div data-elementor-type=\"wp-page\" data-elementor-id=\"476\" class=\"elementor elementor-476\" data-elementor-post-type=\"page\">\n\t\t\t\t<div class=\"elementor-element elementor-element-2c8e7bd3 e-flex e-con-boxed e-con e-parent\" data-id=\"2c8e7bd3\" data-element_type=\"container\" data-e-type=\"container\" data-settings=\"{&quot;background_background&quot;:&quot;classic&quot;,&quot;background_motion_fx_motion_fx_mouse&quot;:&quot;yes&quot;,&quot;background_motion_fx_mouseTrack_effect&quot;:&quot;yes&quot;,&quot;background_motion_fx_mouseTrack_speed&quot;:{&quot;unit&quot;:&quot;px&quot;,&quot;size&quot;:&quot;0.3&quot;,&quot;sizes&quot;:[]}}\">\n\t\t\t\t\t<div class=\"e-con-inner\">\n\t\t<div class=\"elementor-element elementor-element-caaf92e e-con-full e-flex e-con e-child\" data-id=\"caaf92e\" data-element_type=\"container\" data-e-type=\"container\">\n\t\t\t\t<div class=\"elementor-element elementor-element-7f691491 elementor-widget elementor-widget-heading\" data-id=\"7f691491\" data-element_type=\"widget\" data-e-type=\"widget\" data-widget_type=\"heading.default\">\n\t\t\t\t\t<h1 class=\"elementor-heading-title elementor-size-default\">contact<\/h1>\t\t\t\t<\/div>\n\t\t\t\t<div class=\"elementor-element elementor-element-4253285a elementor-widget elementor-widget-text-editor\" data-id=\"4253285a\" data-element_type=\"widget\" data-e-type=\"widget\" data-widget_type=\"text-editor.default\">\n\t\t\t\t\t\t\t\t\t<p>Mon travail s\u2019inscrit dans une dynamique de collaboration et d\u2019innovation, avec pour objectif d\u2019accompagner l\u2019entreprise dans ses ambitions, d\u2019optimiser sa communication et de renforcer son impact aupr\u00e8s de ses publics.<\/p><p>\u00c9tudions votre projet ensemble.<\/p>\t\t\t\t\t\t\t\t<\/div>\n\t\t\t\t<div class=\"elementor-element elementor-element-580dcec2 elementor-button-align-end elementor-mobile-button-align-stretch elementor-widget elementor-widget-form\" data-id=\"580dcec2\" data-element_type=\"widget\" data-e-type=\"widget\" data-settings=\"{&quot;step_next_label&quot;:&quot;Next&quot;,&quot;step_previous_label&quot;:&quot;Previous&quot;,&quot;button_width&quot;:&quot;100&quot;,&quot;step_type&quot;:&quot;number_text&quot;,&quot;step_icon_shape&quot;:&quot;circle&quot;}\" data-widget_type=\"form.default\">\n\t\t\t\t\t\t\t<form class=\"elementor-form\" method=\"post\" name=\"Contact Form\" aria-label=\"Contact Form\">\n\t\t\t<input type=\"hidden\" name=\"post_id\" value=\"476\"\/>\n\t\t\t<input type=\"hidden\" name=\"form_id\" value=\"580dcec2\"\/>\n\t\t\t<input type=\"hidden\" name=\"referer_title\" value=\"Contact - claire leraistre\" \/>\n\n\t\t\t\t\t\t\t<input type=\"hidden\" name=\"queried_id\" value=\"476\"\/>\n\t\t\t\n\t\t\t<div class=\"elementor-form-fields-wrapper elementor-labels-\">\n\t\t\t\t\t\t\t\t<div class=\"elementor-field-type-text elementor-field-group elementor-column elementor-field-group-name elementor-col-50\">\n\t\t\t\t\t\t\t\t\t\t\t\t<label for=\"form-field-name\" class=\"elementor-field-label elementor-screen-only\">\n\t\t\t\t\t\t\t\tnom\t\t\t\t\t\t\t<\/label>\n\t\t\t\t\t\t\t\t\t\t\t\t\t\t<input size=\"1\" type=\"text\" name=\"form_fields[name]\" id=\"form-field-name\" class=\"elementor-field elementor-size-lg  elementor-field-textual\" placeholder=\"nom\">\n\t\t\t\t\t\t\t\t\t\t\t<\/div>\n\t\t\t\t\t\t\t\t<div class=\"elementor-field-type-tel elementor-field-group elementor-column elementor-field-group-email elementor-col-50\">\n\t\t\t\t\t\t\t\t\t\t\t\t<label for=\"form-field-email\" class=\"elementor-field-label elementor-screen-only\">\n\t\t\t\t\t\t\t\tT\u00e9l.\t\t\t\t\t\t\t<\/label>\n\t\t\t\t\t\t\t\t<input size=\"1\" type=\"tel\" name=\"form_fields[email]\" id=\"form-field-email\" class=\"elementor-field elementor-size-lg  elementor-field-textual\" placeholder=\"T\u00e9l.\" pattern=\"[0-9()#&amp;+*-=.]+\" title=\"Seuls les caract\u00e8res de num\u00e9ros de t\u00e9l\u00e9phone (#, -, *, etc.) sont accept\u00e9s.\">\n\n\t\t\t\t\t\t<\/div>\n\t\t\t\t\t\t\t\t<div class=\"elementor-field-type-email elementor-field-group elementor-column elementor-field-group-field_9f7bd5e elementor-col-100 elementor-field-required\">\n\t\t\t\t\t\t\t\t\t\t\t\t<label for=\"form-field-field_9f7bd5e\" class=\"elementor-field-label elementor-screen-only\">\n\t\t\t\t\t\t\t\tEmail\t\t\t\t\t\t\t<\/label>\n\t\t\t\t\t\t\t\t\t\t\t\t\t\t<input size=\"1\" type=\"email\" name=\"form_fields[field_9f7bd5e]\" id=\"form-field-field_9f7bd5e\" class=\"elementor-field elementor-size-lg  elementor-field-textual\" placeholder=\"Email\" required=\"required\">\n\t\t\t\t\t\t\t\t\t\t\t<\/div>\n\t\t\t\t\t\t\t\t<div class=\"elementor-field-type-textarea elementor-field-group elementor-column elementor-field-group-message elementor-col-100\">\n\t\t\t\t\t\t\t\t\t\t\t\t<label for=\"form-field-message\" class=\"elementor-field-label elementor-screen-only\">\n\t\t\t\t\t\t\t\tMessage\t\t\t\t\t\t\t<\/label>\n\t\t\t\t\t\t<textarea class=\"elementor-field-textual elementor-field  elementor-size-lg\" name=\"form_fields[message]\" id=\"form-field-message\" rows=\"4\" placeholder=\"Messege\"><\/textarea>\t\t\t\t<\/div>\n\t\t\t\t\t\t\t\t<div class=\"elementor-field-type-recaptcha_v3 elementor-field-group elementor-column elementor-field-group-field_8b9cc57 elementor-col-100 recaptcha_v3-bottomright\">\n\t\t\t\t\t<div class=\"elementor-field\" id=\"form-field-field_8b9cc57\"><div class=\"elementor-g-recaptcha\" data-sitekey=\"6LcuFaUrAAAAADcX2XHOeyJ0Xe6GEuxTO0-0XNp6\" data-type=\"v3\" data-action=\"Form\" data-badge=\"bottomright\" data-size=\"invisible\"><\/div><\/div>\t\t\t\t<\/div>\n\t\t\t\t\t\t\t\t<div class=\"elementor-field-group elementor-column elementor-field-type-submit elementor-col-100 e-form__buttons\">\n\t\t\t\t\t<button class=\"elementor-button elementor-size-lg\" type=\"submit\">\n\t\t\t\t\t\t<span class=\"elementor-button-content-wrapper\">\n\t\t\t\t\t\t\t\t\t\t\t\t\t\t\t\t\t\t\t\t\t\t<span class=\"elementor-button-text\">envoyer<\/span>\n\t\t\t\t\t\t\t\t\t\t\t\t\t<\/span>\n\t\t\t\t\t<\/button>\n\t\t\t\t<\/div>\n\t\t\t<\/div>\n\t\t<\/form>\n\t\t\t\t\t\t<\/div>\n\t\t\t\t<\/div>\n\t\t<div class=\"elementor-element elementor-element-21740db7 e-con-full e-flex e-con e-child\" data-id=\"21740db7\" data-element_type=\"container\" data-e-type=\"container\">\n\t\t\t\t<div class=\"elementor-element elementor-element-6e26099d elementor-widget elementor-widget-image\" data-id=\"6e26099d\" data-element_type=\"widget\" data-e-type=\"widget\" data-settings=\"{&quot;motion_fx_motion_fx_mouse&quot;:&quot;yes&quot;,&quot;motion_fx_tilt_effect&quot;:&quot;yes&quot;,&quot;motion_fx_tilt_speed&quot;:{&quot;unit&quot;:&quot;px&quot;,&quot;size&quot;:&quot;1&quot;,&quot;sizes&quot;:[]},&quot;motion_fx_motion_fx_scrolling&quot;:&quot;yes&quot;,&quot;motion_fx_translateX_effect&quot;:&quot;yes&quot;,&quot;motion_fx_translateX_direction&quot;:&quot;negative&quot;,&quot;motion_fx_translateX_speed&quot;:{&quot;unit&quot;:&quot;px&quot;,&quot;size&quot;:&quot;2&quot;,&quot;sizes&quot;:[]},&quot;motion_fx_devices&quot;:[&quot;desktop&quot;,&quot;tablet&quot;],&quot;motion_fx_translateX_affectedRange&quot;:{&quot;unit&quot;:&quot;%&quot;,&quot;size&quot;:&quot;&quot;,&quot;sizes&quot;:{&quot;start&quot;:0,&quot;end&quot;:100}}}\" data-widget_type=\"image.default\">\n\t\t\t\t\t\t\t\t\t\t\t\t\t\t\t<img decoding=\"async\" src=\"http:\/\/claireleraistre.com\/wp-content\/uploads\/2025\/08\/contact-hero-player-pic.png\" title=\"\" alt=\"\" loading=\"lazy\" \/>\t\t\t\t\t\t\t\t\t\t\t\t\t\t\t<\/div>\n\t\t\t\t<div class=\"elementor-element elementor-element-462d399c elementor-widget__width-auto elementor-absolute elementor-widget elementor-widget-image\" data-id=\"462d399c\" data-element_type=\"widget\" data-e-type=\"widget\" data-settings=\"{&quot;motion_fx_motion_fx_mouse&quot;:&quot;yes&quot;,&quot;motion_fx_mouseTrack_effect&quot;:&quot;yes&quot;,&quot;motion_fx_mouseTrack_direction&quot;:&quot;negative&quot;,&quot;motion_fx_mouseTrack_speed&quot;:{&quot;unit&quot;:&quot;px&quot;,&quot;size&quot;:&quot;0.2&quot;,&quot;sizes&quot;:[]},&quot;motion_fx_tilt_effect&quot;:&quot;yes&quot;,&quot;motion_fx_tilt_speed&quot;:{&quot;unit&quot;:&quot;px&quot;,&quot;size&quot;:&quot;0.3&quot;,&quot;sizes&quot;:[]},&quot;_position&quot;:&quot;absolute&quot;}\" data-widget_type=\"image.default\">\n\t\t\t\t\t\t\t\t\t\t\t\t\t\t\t<img decoding=\"async\" src=\"http:\/\/claireleraistre.com\/wp-content\/uploads\/2025\/08\/contact-hero-player-graphic.png\" title=\"\" alt=\"\" loading=\"lazy\" \/>\t\t\t\t\t\t\t\t\t\t\t\t\t\t\t<\/div>\n\t\t\t\t<\/div>\n\t\t\t\t\t<\/div>\n\t\t\t\t<\/div>\n\t\t<div class=\"elementor-element elementor-element-7f4040a4 e-flex e-con-boxed e-con e-parent\" data-id=\"7f4040a4\" data-element_type=\"container\" data-e-type=\"container\" data-settings=\"{&quot;background_background&quot;:&quot;classic&quot;}\">\n\t\t\t\t\t<div class=\"e-con-inner\">\n\t\t\t\t<div class=\"elementor-element elementor-element-50f55077 elementor-testimonial--skin-default elementor-testimonial--layout-image_inline elementor-testimonial--align-center elementor-pagination-type-bullets elementor-widget elementor-widget-testimonial-carousel\" data-id=\"50f55077\" data-element_type=\"widget\" data-e-type=\"widget\" data-settings=\"{&quot;slides_per_view&quot;:&quot;1&quot;,&quot;slides_to_scroll&quot;:&quot;1&quot;,&quot;autoplay_speed&quot;:&quot;7000&quot;,&quot;pagination&quot;:&quot;bullets&quot;,&quot;speed&quot;:500,&quot;autoplay&quot;:&quot;yes&quot;,&quot;loop&quot;:&quot;yes&quot;,&quot;pause_on_hover&quot;:&quot;yes&quot;,&quot;pause_on_interaction&quot;:&quot;yes&quot;,&quot;space_between&quot;:{&quot;unit&quot;:&quot;px&quot;,&quot;size&quot;:10,&quot;sizes&quot;:[]},&quot;space_between_tablet&quot;:{&quot;unit&quot;:&quot;px&quot;,&quot;size&quot;:10,&quot;sizes&quot;:[]},&quot;space_between_mobile&quot;:{&quot;unit&quot;:&quot;px&quot;,&quot;size&quot;:10,&quot;sizes&quot;:[]}}\" data-widget_type=\"testimonial-carousel.default\">\n\t\t\t\t\t\t\t\t\t\t<div class=\"elementor-main-swiper swiper\" role=\"region\" aria-roledescription=\"carousel\" aria-label=\"Diapositives\">\n\t\t\t\t<div class=\"swiper-wrapper\">\n\t\t\t\t\t\t\t\t\t\t\t<div class=\"swiper-slide\" role=\"group\" aria-roledescription=\"slide\">\n\t\t\t\t\t\t\t\t\t<div class=\"elementor-testimonial\">\n\t\t\t\t\t\t\t<div class=\"elementor-testimonial__content\">\n\t\t\t\t\t<div class=\"elementor-testimonial__text\">\n\t\t\t\t\t\t\" Un immense merci \u00e0 Claire qui m\u2019accompagne dans mon processus de transformation !<br>\nMerci pour sa pr\u00e9sence pr\u00e9cieuse, son \u00e9coute, sa sensibilit\u00e9, sa capacit\u00e9 \u00e0 faire \u00e9merger l\u2019essentiel. Cette collaboration m\u2019a beaucoup soutenue pour prendre des d\u00e9cisions et faire avancer ce projet.\nMerci aussi pour ces moments partag\u00e9s, simples et  riches \nEt l\u2019aventure continue, avec le site, les flyers \u00e0 venir. \"\t\t\t\t\t<\/div>\n\t\t\t\t\t\t\t\t\t<\/div>\n\t\t\t\t\t\t<div class=\"elementor-testimonial__footer\">\n\t\t\t\t\t\t\t\t<cite class=\"elementor-testimonial__cite\"><span class=\"elementor-testimonial__name\">Marion Bidoret<\/span><span class=\"elementor-testimonial__title\">Entre Liens et Lianes<\/span><\/cite>\t\t\t<\/div>\n\t\t<\/div>\n\t\t\t\t\t\t\t\t<\/div>\n\t\t\t\t\t\t\t\t\t\t\t<div class=\"swiper-slide\" role=\"group\" aria-roledescription=\"slide\">\n\t\t\t\t\t\t\t\t\t<div class=\"elementor-testimonial\">\n\t\t\t\t\t\t\t<div class=\"elementor-testimonial__content\">\n\t\t\t\t\t<div class=\"elementor-testimonial__text\">\n\t\t\t\t\t\t\" Le teaser est trop bien. Le clip le sera tout autant. T'es une machine et on oublie pas un truc. Tu nous sauve. On te pr\u00e9viens 6 semaines avant. Personne n'aurait accept\u00e9. Mais pas toi. \"\t\t\t\t\t<\/div>\n\t\t\t\t\t\t\t\t\t<\/div>\n\t\t\t\t\t\t<div class=\"elementor-testimonial__footer\">\n\t\t\t\t\t\t\t\t<cite class=\"elementor-testimonial__cite\"><span class=\"elementor-testimonial__name\">Milo<\/span><span class=\"elementor-testimonial__title\">Les P'tits Fils de Jeanine<\/span><\/cite>\t\t\t<\/div>\n\t\t<\/div>\n\t\t\t\t\t\t\t\t<\/div>\n\t\t\t\t\t\t\t\t\t\t\t<div class=\"swiper-slide\" role=\"group\" aria-roledescription=\"slide\">\n\t\t\t\t\t\t\t\t\t<div class=\"elementor-testimonial\">\n\t\t\t\t\t\t\t<div class=\"elementor-testimonial__content\">\n\t\t\t\t\t<div class=\"elementor-testimonial__text\">\n\t\t\t\t\t\t\"... accompagn\u00e9s avec bienveillance et professionnalisme par Claire Leraistre, nous avons travailler \u00e0 cr\u00e9er une nouveau logo pour BMA, un logo qui r\u00e9sonne juste en nous...\t\t\t\t\t<\/div>\n\t\t\t\t\t\t\t\t\t<\/div>\n\t\t\t\t\t\t<div class=\"elementor-testimonial__footer\">\n\t\t\t\t\t\t\t\t<cite class=\"elementor-testimonial__cite\"><span class=\"elementor-testimonial__name\">Chlo\u00e9 Brinon<\/span><span class=\"elementor-testimonial__title\">Bearn M\u00e9diation Animale<\/span><\/cite>\t\t\t<\/div>\n\t\t<\/div>\n\t\t\t\t\t\t\t\t<\/div>\n\t\t\t\t\t\t\t\t\t<\/div>\n\t\t\t\t\t\t\t\t\t\t\t\t\t\t\t\t\t\t\t\t<div class=\"swiper-pagination\"><\/div>\n\t\t\t\t\t\t\t\t\t\t\t\t<\/div>\n\t\t\t\t\t\t\t\t<\/div>\n\t\t\t\t\t<\/div>\n\t\t\t\t<\/div>\n\t\t<div class=\"elementor-element elementor-element-e1f991e e-con-full e-flex e-con e-parent\" data-id=\"e1f991e\" data-element_type=\"container\" data-e-type=\"container\" data-settings=\"{&quot;shape_divider_top&quot;:&quot;tilt&quot;,&quot;shape_divider_bottom&quot;:&quot;tilt&quot;}\">\n\t\t\t\t<div class=\"elementor-shape elementor-shape-top\" aria-hidden=\"true\" data-negative=\"false\">\n\t\t\t<svg xmlns=\"http:\/\/www.w3.org\/2000\/svg\" viewBox=\"0 0 1000 100\" preserveAspectRatio=\"none\">\n\t<path class=\"elementor-shape-fill\" d=\"M0,6V0h1000v100L0,6z\"\/>\n<\/svg>\t\t<\/div>\n\t\t\t\t<div class=\"elementor-shape elementor-shape-bottom\" aria-hidden=\"true\" data-negative=\"false\">\n\t\t\t<svg xmlns=\"http:\/\/www.w3.org\/2000\/svg\" viewBox=\"0 0 1000 100\" preserveAspectRatio=\"none\">\n\t<path class=\"elementor-shape-fill\" d=\"M0,6V0h1000v100L0,6z\"\/>\n<\/svg>\t\t<\/div>\n\t\t\t\t<div class=\"elementor-element elementor-element-503569bc elementor-widget elementor-widget-google_maps\" data-id=\"503569bc\" data-element_type=\"widget\" data-e-type=\"widget\" data-widget_type=\"google_maps.default\">\n\t\t\t\t\t\t\t<div class=\"elementor-custom-embed\">\n\t\t\t<iframe loading=\"lazy\"\n\t\t\t\t\tsrc=\"https:\/\/maps.google.com\/maps?q=oloron%20sainte%20marie&#038;t=m&#038;z=16&#038;output=embed&#038;iwloc=near\"\n\t\t\t\t\ttitle=\"oloron sainte marie\"\n\t\t\t\t\taria-label=\"oloron sainte marie\"\n\t\t\t><\/iframe>\n\t\t<\/div>\n\t\t\t\t\t\t<\/div>\n\t\t\t\t<\/div>\n\t\t\t\t<\/div>\n\t\t","protected":false},"excerpt":{"rendered":"<p>contact Mon travail s\u2019inscrit dans une dynamique de collaboration et d\u2019innovation, avec pour objectif d\u2019accompagner l\u2019entreprise dans ses ambitions, d\u2019optimiser sa communication et de renforcer son impact aupr\u00e8s de ses publics. \u00c9tudions votre projet ensemble. \u00a0\u00bb Un immense merci \u00e0 Claire qui m\u2019accompagne dans mon processus de transformation ! Merci pour sa pr\u00e9sence pr\u00e9cieuse, son [&hellip;]<\/p>\n","protected":false},"author":1,"featured_media":0,"parent":0,"menu_order":0,"comment_status":"closed","ping_status":"closed","template":"elementor_header_footer","meta":{"footnotes":""},"class_list":["post-476","page","type-page","status-publish","hentry"],"yoast_head":"<!-- This site is optimized with the Yoast SEO plugin v27.2 - https:\/\/yoast.com\/product\/yoast-seo-wordpress\/ -->\n<title>Contact - claire leraistre<\/title>\n<meta name=\"robots\" content=\"index, follow, max-snippet:-1, max-image-preview:large, max-video-preview:-1\" \/>\n<link rel=\"canonical\" href=\"https:\/\/claireleraistre.com\/index.php\/contact-claire-leraistre\/\" \/>\n<meta property=\"og:locale\" content=\"fr_FR\" \/>\n<meta property=\"og:type\" content=\"article\" \/>\n<meta property=\"og:title\" content=\"Contact - claire leraistre\" \/>\n<meta property=\"og:description\" content=\"contact Mon travail s\u2019inscrit dans une dynamique de collaboration et d\u2019innovation, avec pour objectif d\u2019accompagner l\u2019entreprise dans ses ambitions, d\u2019optimiser sa communication et de renforcer son impact aupr\u00e8s de ses publics. \u00c9tudions votre projet ensemble. \u00a0\u00bb Un immense merci \u00e0 Claire qui m\u2019accompagne dans mon processus de transformation ! Merci pour sa pr\u00e9sence pr\u00e9cieuse, son [&hellip;]\" \/>\n<meta property=\"og:url\" content=\"https:\/\/claireleraistre.com\/index.php\/contact-claire-leraistre\/\" \/>\n<meta property=\"og:site_name\" content=\"claire leraistre\" \/>\n<meta property=\"article:modified_time\" content=\"2025-08-16T14:53:18+00:00\" \/>\n<meta property=\"og:image\" content=\"http:\/\/claireleraistre.com\/wp-content\/uploads\/2025\/08\/contact-hero-player-pic.png\" \/>\n<meta name=\"twitter:card\" content=\"summary_large_image\" \/>\n<meta name=\"twitter:label1\" content=\"Dur\u00e9e de lecture estim\u00e9e\" \/>\n\t<meta name=\"twitter:data1\" content=\"2 minutes\" \/>\n<script type=\"application\/ld+json\" class=\"yoast-schema-graph\">{\"@context\":\"https:\/\/schema.org\",\"@graph\":[{\"@type\":\"WebPage\",\"@id\":\"https:\/\/claireleraistre.com\/index.php\/contact-claire-leraistre\/\",\"url\":\"https:\/\/claireleraistre.com\/index.php\/contact-claire-leraistre\/\",\"name\":\"Contact - claire leraistre\",\"isPartOf\":{\"@id\":\"https:\/\/claireleraistre.com\/#website\"},\"primaryImageOfPage\":{\"@id\":\"https:\/\/claireleraistre.com\/index.php\/contact-claire-leraistre\/#primaryimage\"},\"image\":{\"@id\":\"https:\/\/claireleraistre.com\/index.php\/contact-claire-leraistre\/#primaryimage\"},\"thumbnailUrl\":\"http:\/\/claireleraistre.com\/wp-content\/uploads\/2025\/08\/contact-hero-player-pic.png\",\"datePublished\":\"2025-08-03T15:23:35+00:00\",\"dateModified\":\"2025-08-16T14:53:18+00:00\",\"breadcrumb\":{\"@id\":\"https:\/\/claireleraistre.com\/index.php\/contact-claire-leraistre\/#breadcrumb\"},\"inLanguage\":\"fr-FR\",\"potentialAction\":[{\"@type\":\"ReadAction\",\"target\":[\"https:\/\/claireleraistre.com\/index.php\/contact-claire-leraistre\/\"]}]},{\"@type\":\"ImageObject\",\"inLanguage\":\"fr-FR\",\"@id\":\"https:\/\/claireleraistre.com\/index.php\/contact-claire-leraistre\/#primaryimage\",\"url\":\"\",\"contentUrl\":\"\"},{\"@type\":\"BreadcrumbList\",\"@id\":\"https:\/\/claireleraistre.com\/index.php\/contact-claire-leraistre\/#breadcrumb\",\"itemListElement\":[{\"@type\":\"ListItem\",\"position\":1,\"name\":\"Accueil\",\"item\":\"https:\/\/claireleraistre.com\/\"},{\"@type\":\"ListItem\",\"position\":2,\"name\":\"Contact\"}]},{\"@type\":\"WebSite\",\"@id\":\"https:\/\/claireleraistre.com\/#website\",\"url\":\"https:\/\/claireleraistre.com\/\",\"name\":\"claire leraistre\",\"description\":\"ARTISTE PLURIM\u00c9DIA\",\"publisher\":{\"@id\":\"https:\/\/claireleraistre.com\/#organization\"},\"potentialAction\":[{\"@type\":\"SearchAction\",\"target\":{\"@type\":\"EntryPoint\",\"urlTemplate\":\"https:\/\/claireleraistre.com\/?s={search_term_string}\"},\"query-input\":{\"@type\":\"PropertyValueSpecification\",\"valueRequired\":true,\"valueName\":\"search_term_string\"}}],\"inLanguage\":\"fr-FR\"},{\"@type\":\"Organization\",\"@id\":\"https:\/\/claireleraistre.com\/#organization\",\"name\":\"claire leraistre\",\"url\":\"https:\/\/claireleraistre.com\/\",\"logo\":{\"@type\":\"ImageObject\",\"inLanguage\":\"fr-FR\",\"@id\":\"https:\/\/claireleraistre.com\/#\/schema\/logo\/image\/\",\"url\":\"https:\/\/claireleraistre.com\/wp-content\/uploads\/2025\/08\/CLAIRELERAISTRE_minilogo.png\",\"contentUrl\":\"https:\/\/claireleraistre.com\/wp-content\/uploads\/2025\/08\/CLAIRELERAISTRE_minilogo.png\",\"width\":100,\"height\":100,\"caption\":\"claire leraistre\"},\"image\":{\"@id\":\"https:\/\/claireleraistre.com\/#\/schema\/logo\/image\/\"}}]}<\/script>\n<!-- \/ Yoast SEO plugin. -->","yoast_head_json":{"title":"Contact - claire leraistre","robots":{"index":"index","follow":"follow","max-snippet":"max-snippet:-1","max-image-preview":"max-image-preview:large","max-video-preview":"max-video-preview:-1"},"canonical":"https:\/\/claireleraistre.com\/index.php\/contact-claire-leraistre\/","og_locale":"fr_FR","og_type":"article","og_title":"Contact - claire leraistre","og_description":"contact Mon travail s\u2019inscrit dans une dynamique de collaboration et d\u2019innovation, avec pour objectif d\u2019accompagner l\u2019entreprise dans ses ambitions, d\u2019optimiser sa communication et de renforcer son impact aupr\u00e8s de ses publics. \u00c9tudions votre projet ensemble. \u00a0\u00bb Un immense merci \u00e0 Claire qui m\u2019accompagne dans mon processus de transformation ! Merci pour sa pr\u00e9sence pr\u00e9cieuse, son [&hellip;]","og_url":"https:\/\/claireleraistre.com\/index.php\/contact-claire-leraistre\/","og_site_name":"claire leraistre","article_modified_time":"2025-08-16T14:53:18+00:00","og_image":[{"url":"http:\/\/claireleraistre.com\/wp-content\/uploads\/2025\/08\/contact-hero-player-pic.png","type":"","width":"","height":""}],"twitter_card":"summary_large_image","twitter_misc":{"Dur\u00e9e de lecture estim\u00e9e":"2 minutes"},"schema":{"@context":"https:\/\/schema.org","@graph":[{"@type":"WebPage","@id":"https:\/\/claireleraistre.com\/index.php\/contact-claire-leraistre\/","url":"https:\/\/claireleraistre.com\/index.php\/contact-claire-leraistre\/","name":"Contact - claire leraistre","isPartOf":{"@id":"https:\/\/claireleraistre.com\/#website"},"primaryImageOfPage":{"@id":"https:\/\/claireleraistre.com\/index.php\/contact-claire-leraistre\/#primaryimage"},"image":{"@id":"https:\/\/claireleraistre.com\/index.php\/contact-claire-leraistre\/#primaryimage"},"thumbnailUrl":"http:\/\/claireleraistre.com\/wp-content\/uploads\/2025\/08\/contact-hero-player-pic.png","datePublished":"2025-08-03T15:23:35+00:00","dateModified":"2025-08-16T14:53:18+00:00","breadcrumb":{"@id":"https:\/\/claireleraistre.com\/index.php\/contact-claire-leraistre\/#breadcrumb"},"inLanguage":"fr-FR","potentialAction":[{"@type":"ReadAction","target":["https:\/\/claireleraistre.com\/index.php\/contact-claire-leraistre\/"]}]},{"@type":"ImageObject","inLanguage":"fr-FR","@id":"https:\/\/claireleraistre.com\/index.php\/contact-claire-leraistre\/#primaryimage","url":"","contentUrl":""},{"@type":"BreadcrumbList","@id":"https:\/\/claireleraistre.com\/index.php\/contact-claire-leraistre\/#breadcrumb","itemListElement":[{"@type":"ListItem","position":1,"name":"Accueil","item":"https:\/\/claireleraistre.com\/"},{"@type":"ListItem","position":2,"name":"Contact"}]},{"@type":"WebSite","@id":"https:\/\/claireleraistre.com\/#website","url":"https:\/\/claireleraistre.com\/","name":"claire leraistre","description":"ARTISTE PLURIM\u00c9DIA","publisher":{"@id":"https:\/\/claireleraistre.com\/#organization"},"potentialAction":[{"@type":"SearchAction","target":{"@type":"EntryPoint","urlTemplate":"https:\/\/claireleraistre.com\/?s={search_term_string}"},"query-input":{"@type":"PropertyValueSpecification","valueRequired":true,"valueName":"search_term_string"}}],"inLanguage":"fr-FR"},{"@type":"Organization","@id":"https:\/\/claireleraistre.com\/#organization","name":"claire leraistre","url":"https:\/\/claireleraistre.com\/","logo":{"@type":"ImageObject","inLanguage":"fr-FR","@id":"https:\/\/claireleraistre.com\/#\/schema\/logo\/image\/","url":"https:\/\/claireleraistre.com\/wp-content\/uploads\/2025\/08\/CLAIRELERAISTRE_minilogo.png","contentUrl":"https:\/\/claireleraistre.com\/wp-content\/uploads\/2025\/08\/CLAIRELERAISTRE_minilogo.png","width":100,"height":100,"caption":"claire leraistre"},"image":{"@id":"https:\/\/claireleraistre.com\/#\/schema\/logo\/image\/"}}]}},"jetpack_sharing_enabled":true,"_links":{"self":[{"href":"https:\/\/claireleraistre.com\/index.php\/wp-json\/wp\/v2\/pages\/476","targetHints":{"allow":["GET"]}}],"collection":[{"href":"https:\/\/claireleraistre.com\/index.php\/wp-json\/wp\/v2\/pages"}],"about":[{"href":"https:\/\/claireleraistre.com\/index.php\/wp-json\/wp\/v2\/types\/page"}],"author":[{"embeddable":true,"href":"https:\/\/claireleraistre.com\/index.php\/wp-json\/wp\/v2\/users\/1"}],"replies":[{"embeddable":true,"href":"https:\/\/claireleraistre.com\/index.php\/wp-json\/wp\/v2\/comments?post=476"}],"version-history":[{"count":32,"href":"https:\/\/claireleraistre.com\/index.php\/wp-json\/wp\/v2\/pages\/476\/revisions"}],"predecessor-version":[{"id":1051,"href":"https:\/\/claireleraistre.com\/index.php\/wp-json\/wp\/v2\/pages\/476\/revisions\/1051"}],"wp:attachment":[{"href":"https:\/\/claireleraistre.com\/index.php\/wp-json\/wp\/v2\/media?parent=476"}],"curies":[{"name":"wp","href":"https:\/\/api.w.org\/{rel}","templated":true}]}}